{"id":163,"date":"2026-03-16T19:26:41","date_gmt":"2026-03-16T18:26:41","guid":{"rendered":"https:\/\/biomechanikaruky.cz\/?page_id=163"},"modified":"2026-03-28T20:34:32","modified_gmt":"2026-03-28T19:34:32","slug":"kunc-vojtech-bipartite-trapezium","status":"publish","type":"page","link":"https:\/\/biomechanikaruky.cz\/en\/kunc-vojtech-bipartite-trapezium\/","title":{"rendered":"Kunc Vojt\u011bch, Bipartite trapezium"},"content":{"rendered":"<h4 class=\"wp-block-heading ext-animate--on\">Kunc V, et al. Bipartite trapezium \u2013 rare congenital accessory bone: A case report of two bilateral cases among related patients and description of new accessory bone \u2013 os scaphocapitatum anterius&nbsp;<\/h4>\n\n\n\n<div class=\"wp-block-columns ext-animate--on is-layout-flex wp-container-core-columns-is-layout-28f84493 wp-block-columns-is-layout-flex\">\n<div class=\"wp-block-column is-layout-flow wp-block-column-is-layout-flow\">\n<p class=\"ext-animate--on\">Ve studii jsme popsali vz\u00e1cn\u00e9 vrozen\u00e9 <a href=\"https:\/\/biomechanikaruky.cz\/en\/anatomicka-variabilita-ruky-a-zapesti\/\" title=\"Anatomical variability\">anatomick\u00e9 variace<\/a> kost\u00ed z\u00e1p\u011bst\u00ed u dvou p\u0159\u00edbuzn\u00fdch pacientek. <br><br>Nejv\u00fdznamn\u011bj\u0161\u00edm p\u0159\u00ednosem pr\u00e1ce je v\u016fbec prvn\u00ed popis p\u0159\u00eddatn\u00e9 kosti na p\u0159edn\u00ed stran\u011b z\u00e1p\u011bst\u00ed mezi \u010dlunkovitou (<em>os scaphoideum)<\/em> a hlavatou kost\u00ed (<em>os capitatum)<\/em>, pro kterou jsme navrhli ozna\u010den\u00ed <strong><em>os scaphocapitatum anterius<\/em><\/strong>.<\/p>\n<\/div>\n\n\n\n<div class=\"wp-block-column is-layout-flow wp-block-column-is-layout-flow\">\n<figure class=\"wp-block-image size-full ext-animate--on\"><img loading=\"lazy\" decoding=\"async\" width=\"918\" height=\"788\" src=\"https:\/\/biomechanikaruky.cz\/wp-content\/uploads\/2026\/03\/Dcera-leva-3Db-1.jpg\" alt=\"\" class=\"wp-image-164\" srcset=\"https:\/\/biomechanikaruky.cz\/wp-content\/uploads\/2026\/03\/Dcera-leva-3Db-1.jpg 918w, https:\/\/biomechanikaruky.cz\/wp-content\/uploads\/2026\/03\/Dcera-leva-3Db-1-300x258.jpg 300w, https:\/\/biomechanikaruky.cz\/wp-content\/uploads\/2026\/03\/Dcera-leva-3Db-1-768x659.jpg 768w, https:\/\/biomechanikaruky.cz\/wp-content\/uploads\/2026\/03\/Dcera-leva-3Db-1-14x12.jpg 14w\" sizes=\"auto, (max-width: 918px) 100vw, 918px\" \/><figcaption class=\"wp-element-caption\">CT zobrazen\u00ed rozdvojen\u00e9 <em>os trapezium <\/em>a <em>os scaphocapitatum anterius<\/em><\/figcaption><\/figure>\n<\/div>\n<\/div>\n\n\n\n<p class=\"ext-animate--on\">Tento objev roz\u0161i\u0159uje pozn\u00e1n\u00ed anatomick\u00e9 variability z\u00e1p\u011bst\u00ed a m\u00e1 i p\u0159\u00edm\u00fd klinick\u00fd v\u00fdznam: podobn\u00e9 struktury mohou b\u00fdt p\u0159i zobrazovac\u00edch vy\u0161et\u0159en\u00edch zam\u011bn\u011bny za zlomeninu nebo jin\u00e9 po\u00farazov\u00e9 zm\u011bny. P\u0159esn\u00e1 znalost t\u011bchto variant proto pom\u00e1h\u00e1 ke spr\u00e1vn\u00e9 diagn\u00f3ze i lep\u0161\u00edmu pl\u00e1nov\u00e1n\u00ed l\u00e9\u010dby.<\/p>\n\n\n\n<p class=\"ext-animate--on\"><a href=\"https:\/\/pubmed.ncbi.nlm.nih.gov\/41088088\/\" data-type=\"link\" data-id=\"https:\/\/pubmed.ncbi.nlm.nih.gov\/41088088\/\">Kunc V., Veigl D., Dr\u00e1\u010d P. <em>Bipartite trapezium \u2013 rare congenital accessory bone: A case report of two bilateral cases among related patients and description of new accessory bone \u2013 os scaphocapitatum anterius<\/em>. BMC Muskuloskeletal Disorders 2025<\/a><\/p>","protected":false},"excerpt":{"rendered":"<p>Kunc V, et al. Bipartite trapezium \u2013 rare congenital accessory bone: A case report of two bilateral cases among related patients and description of new accessory bone \u2013 os scaphocapitatum anterius&nbsp; Ve studii jsme popsali vz\u00e1cn\u00e9 vrozen\u00e9 anatomick\u00e9 variace kost\u00ed z\u00e1p\u011bst\u00ed u dvou p\u0159\u00edbuzn\u00fdch pacientek. Nejv\u00fdznamn\u011bj\u0161\u00edm p\u0159\u00ednosem pr\u00e1ce je v\u016fbec prvn\u00ed popis p\u0159\u00eddatn\u00e9 kosti na [&hellip;]<\/p>\n","protected":false},"author":1,"featured_media":0,"parent":0,"menu_order":0,"comment_status":"closed","ping_status":"open","template":"","meta":{"om_disable_all_campaigns":false,"_monsterinsights_skip_tracking":false,"_monsterinsights_sitenote_active":false,"_monsterinsights_sitenote_note":"","_monsterinsights_sitenote_category":0,"_uf_show_specific_survey":0,"_uf_disable_surveys":false,"footnotes":""},"class_list":["post-163","page","type-page","status-publish","hentry"],"aioseo_notices":[],"_links":{"self":[{"href":"https:\/\/biomechanikaruky.cz\/en\/wp-json\/wp\/v2\/pages\/163","targetHints":{"allow":["GET"]}}],"collection":[{"href":"https:\/\/biomechanikaruky.cz\/en\/wp-json\/wp\/v2\/pages"}],"about":[{"href":"https:\/\/biomechanikaruky.cz\/en\/wp-json\/wp\/v2\/types\/page"}],"author":[{"embeddable":true,"href":"https:\/\/biomechanikaruky.cz\/en\/wp-json\/wp\/v2\/users\/1"}],"replies":[{"embeddable":true,"href":"https:\/\/biomechanikaruky.cz\/en\/wp-json\/wp\/v2\/comments?post=163"}],"version-history":[{"count":2,"href":"https:\/\/biomechanikaruky.cz\/en\/wp-json\/wp\/v2\/pages\/163\/revisions"}],"predecessor-version":[{"id":254,"href":"https:\/\/biomechanikaruky.cz\/en\/wp-json\/wp\/v2\/pages\/163\/revisions\/254"}],"wp:attachment":[{"href":"https:\/\/biomechanikaruky.cz\/en\/wp-json\/wp\/v2\/media?parent=163"}],"curies":[{"name":"wp","href":"https:\/\/api.w.org\/{rel}","templated":true}]}}

Kunc Vojtěch, Bipartite trapezium

<h4 class="wp-block-heading ext-animate--on">Kunc V, et al. Bipartite trapezium – rare congenital accessory bone: A case report of two bilateral cases among related patients and description of new accessory bone – os scaphocapitatum anterius&nbsp;</h4>



<div class="wp-block-columns ext-animate--on is-layout-flex wp-container-core-columns-is-layout-28f84493 wp-block-columns-is-layout-flex">
<div class="wp-block-column is-layout-flow wp-block-column-is-layout-flow">
<p class="ext-animate--on">Ve studii jsme popsali vzácné vrozené <a href="https://biomechanikaruky.cz/en/anatomicka-variabilita-ruky-a-zapesti/" title="Anatomical variability">anatomické variace</a> kostí zápěstí u dvou příbuzných pacientek. <br><br>Nejvýznamnějším přínosem práce je vůbec první popis přídatné kosti na přední straně zápěstí mezi člunkovitou (<em>os scaphoideum)</em> a hlavatou kostí (<em>os capitatum)</em>, pro kterou jsme navrhli označení <strong><em>os scaphocapitatum anterius</em></strong>.</p>
</div>



<div class="wp-block-column is-layout-flow wp-block-column-is-layout-flow">
<figure class="wp-block-image size-full ext-animate--on"><img loading="lazy" decoding="async" width="918" height="788" src="https://biomechanikaruky.cz/wp-content/uploads/2026/03/Dcera-leva-3Db-1.jpg" alt="" class="wp-image-164" srcset="https://biomechanikaruky.cz/wp-content/uploads/2026/03/Dcera-leva-3Db-1.jpg 918w, https://biomechanikaruky.cz/wp-content/uploads/2026/03/Dcera-leva-3Db-1-300x258.jpg 300w, https://biomechanikaruky.cz/wp-content/uploads/2026/03/Dcera-leva-3Db-1-768x659.jpg 768w, https://biomechanikaruky.cz/wp-content/uploads/2026/03/Dcera-leva-3Db-1-14x12.jpg 14w" sizes="auto, (max-width: 918px) 100vw, 918px" /><figcaption class="wp-element-caption">CT zobrazení rozdvojené <em>os trapezium </em>a <em>os scaphocapitatum anterius</em></figcaption></figure>
</div>
</div>



<p class="ext-animate--on">Tento objev rozšiřuje poznání anatomické variability zápěstí a má i přímý klinický význam: podobné struktury mohou být při zobrazovacích vyšetřeních zaměněny za zlomeninu nebo jiné poúrazové změny. Přesná znalost těchto variant proto pomáhá ke správné diagnóze i lepšímu plánování léčby.</p>



<p class="ext-animate--on"><a href="https://pubmed.ncbi.nlm.nih.gov/41088088/" data-type="link" data-id="https://pubmed.ncbi.nlm.nih.gov/41088088/">Kunc V., Veigl D., Dráč P. <em>Bipartite trapezium – rare congenital accessory bone: A case report of two bilateral cases among related patients and description of new accessory bone – os scaphocapitatum anterius</em>. BMC Muskuloskeletal Disorders 2025</a></p>

<p>Kunc V, et al. Bipartite trapezium – rare congenital accessory bone: A case report of two bilateral cases among related patients and description of new accessory bone – os scaphocapitatum anterius&nbsp; Ve studii jsme popsali vzácné vrozené anatomické variace kostí zápěstí u dvou příbuzných pacientek. Nejvýznamnějším přínosem práce je vůbec první popis přídatné kosti na [&hellip;]</p>
